) to base 6.
-131004003
Convert 753081 (base 12) to base 11.
1054582
What is 100000111010101001 (base 2) in base 7?
1101035
Convert 40142302 (base 5) to base 4.
1031233310
212103330 (base 4) to base 10
156924
Convert -141010554 (base 6) to base 9.
-5320057
22442341 (base 5) to base 14
53cd0
Convert 10325002 (base 6) to base 12.
129762
206a7 (base 16) to base 13
48586
What is 55b33 (base 14) in base 16?
32c81
What is 14b6327 (base 13) in base 6?
354152054
What is 249141 (base 10) in base 3?
110122202110
What is 20827c (base 14) in base 10?
1098102
Convert 132943 (base 12) to base 9.
531226
920ea0 (base 15) to base 3
111001112102020
-112201001 (base 6) to base 3
-10220002122001
bb6645 (base 12) to base 8
13265425
What is -30212503 (base 6) in base 3?
-1121112221210
-30214544 (base 6) to base 9
-1546521
What is -1111010100011001 (base 2) in base 3?
-10012001220
Convert 61bc86 (base 14) to base 5.
1321014024
What is 11a594 (base 13) in base 10?
422790
2857 (base 16) to base 14
3a99
Convert 778738 (base 9) to base 12.
1a5608
Convert 59589 (base 12) to base 11.
82223
What is -2331010004 (base 5) in base 2?
-10100010100111101110010
Convert b40c (base 14) to base 9.
46442
87304a (base 11) to base 10
1394942
3231000 (base 4) to base 5
441133
84749 (base 16) to base 8
2043511
What is 10320332131 (base 4) in base 3?
2102010111121
-3507828 (base 12) to base 16
-9bdfe0
Convert 4420222 (base 6) to base 2.
110101110011110110
What is -11115353 (base 6) in base 14?
-8aab3
-11e710 (base 16) to base 9
-2177366
6008284 (base 11) to base 4
220211233130
What is -160981 (base 10) in base 15?
-32a71
Convert 200533a (base 11) to base 10.
3550183
What is 214400424 (base 5) in base 10?
934489
What is 124335 (base 9) in base 6?
1340522
-61972 (base 10) to base 6
-1154524
Convert 60941 (base 15) to base 14.
7d656
Convert 8922b (base 12) to base 2.
101100011000000011
-10010011101100111000 (base 2) to base 16
-93b38
-331313023 (base 4) to base 11
-163412
What is 1dfe9c (base 16) in base 9?
3625417
What is 44344441 (base 5) in base 12?
1682b4
420204 (base 7) to base 4
101213010
203013223300 (base 4) to base 14
1319200
Convert -1300333233 (base 4) to base 15.
-92206
20110332231 (base 4) to base 5
1024324320
-1102022021 (base 4) to base 10
-336521
What is 330113331 (base 4) in base 5?
30403133
-240241241 (base 5) to base 14
-209c00
Convert -55400251 (base 7) to base 11.
-27702a4
Convert 5502560 (base 7) to base 10.
673253
42131131 (base 5) to base 2
1010101001011110100
Convert 2677155 (base 8) to base 15.
ed2c6
What is 10011000001000111 (base 2) in base 4?
103001013
Convert -463a7a0 (base 11) to base 2.
-11110111100001010010100
What is 87243 (base 11) in base 2?
11110111100001110
Convert -120313104 (base 6) to base 3.
-11021001201111
What is 34647 (base 11) in base 15?
ec4e
Convert 5242333 (base 6) to base 9.
427183
Convert 1a093 (base 15) to base 13.
2c610
What is -110101111010110010 (base 2) in base 7?
-1606610
What is -10100111001111000100101 (base 2) in base 3?
-101022102002222
What is -10001111100001111 (base 2) in base 11?
-50237
-9956647 (base 10) to base 11
-5690638
Convert -462300 (base 11) to base 3.
-1101100100000
Convert 134302 (base 9) to base 3.
11011100002
2140233141 (base 5) to base 13
c58bc9
Convert -102001210021111 (base 3) to base 12.
-1b77471
What is -54302403 (base 7) in base 8?
-21545601
2040231 (base 6) to base 4
120010123
Convert -5115086 (base 9) to base 16.
-299a8a
What is -242ad (base 16) in base 5?
-14220031
What is 11214302 (base 6) in base 15?
6c0ae
Convert -5b61 (base 13) to base 9.
-18648
457350 (base 9) to base 5
32240032
What is 130782b (base 13) in base 5?
3011114311
-10100010101000110 (base 2) to base 3
-11020020002
Convert 183c4a (base 13) to base 4.
2110203032
What is -55477770 (base 8) in base 11?
-6829a61
Convert -407e (base 16) to base 13.
-7690
What is -356515 (base 9) in base 2?
-110100011011011001
-21012105 (base 7) to base 2
-110101111100111000100
What is -10001000001001001001100 (base 2) in base 7?
-52630134
-2112002101112 (base 3) to base 7
-14251151
-773864 (base 9) to base 13
-132490
Convert 211583 (base 10) to base 3.
101202020102
What is -5001403 (base 6) in base 12?
-b3263
What is 41023331 (base 5) in base 13?
b7195
-2080737 (base 9) to base 11
-6a249a
What is -aa751 (base 13) in base 11?
-1a1034
What is 93a6b (base 12) in base 14?
50655
What is -b5f88 (base 16) in base 2?
-10110101111110001000
Convert 6c6cd1 (base 16) to base 9.
14330222
What is 134320320 (base 5) in base 2?
10101010011101100010
-2211210102020 (base 3) to base 4
-11301001200
What is -1003133301 (base 4) in base 9?
-461213
1001111110000000110010 (base 2) to base 6
132002334
What is 816ddd (base 14) in base 9?
8175073
Convert 76528 (base 12) to base 3.
21221100212
15423 (base 7) to base 13
1c80
What is -db0994 (base 16) in base 2?
-110110110000100110010100
Convert 83930 (base 12) to base 3.
22202111100
What is 351615 (base 7) in base 14?
18db5
2794006 (base 10) to base 9
5227581
-2102233144 (base 5) to base 15
-5a9e19
20222100212 (base 3) to base 14
38086
What is 1110111100111101010 (base 2) in base 16?
779ea
What is -10010001100111010000 (base 2) in base 6?
-20441132
What is -16312331 (base 7) in base 13?
-435770
What is 203247 (base 11) in base 10?
326388
Convert -37464d (base 15) to base 12.
-a780a7
124333241 (base 5) to base 13
1898c9
Convert -616942 (base 11) to base 16.
-f1b74
Convert -243464 (base 11) to base 12.
-166b11
4127685 (base 9) to base 15
2d7dbb
What is -1b14d (base 14) in base 13?
-25464
Convert -1010100100101001100100 (base 2) to base 3.
-12012210212020
-446224 (base 7) to base 10
-79006
Convert -110100100101101010010100 (base 2) to base 16.
-d25a94
What is 442a77 (base 12) in base 11?
67a961
What is -22010022 (base 4) in base 12?
-1ba36
What is -8351 (base 14) in base 6?
-252403
1cc55a (base 13) to base 2
10110100111110111101
What is 644551 (base 10) in base 6?
21452011
15334035 (base 6) to base 3
1000111112212
What is 2322143 (base 6) in base 10?
119727
711730 (base 9) to base 2
1100110110101101011
Convert -11736c (base 13) to base 11.
-264468
Convert 121000012110 (base 3) to base 5.
40040300
Convert 2211001 (base 6) to base 16.
1af29
-1015652 (base 7) to base 5
-12401341
What is 724d (base 14) in base 4?
10303111
What is -1013301311 (base 4) in base 10?
-294005
Convert -64207 (base 8) to base 16.
-6887
What is -242012544 (base 6) in base 9?
-8541581
28258 (base 11) to base 3
2001012012
Convert 84619 (base 13) to base 4.
322023220
What is 1451163 (base 8) in base 4?
1211021303
What is 11000001110110101 (base 2) in base 9?
161131
-102122102200 (base 3) to base 14
-5d76d
-4c365 (base 16) to base 6
-10405113
43210043 (base 5) to base 13
ca93b
b39c6 (base 13) to base 16
4eb8d
-a3251 (base 14) to base 8
-1377227
What is -953993 (base 11) in base 6?
-52425212
Convert -13203430114 (base 5) to base 13.
-3547605
What is 3481a (base 14) in base 7?
1041433
101200201211120 (base 3) to base 9
11621746
Convert -1300331122 (base 4) to base 13.
-13279c
What is -152637 (base 11) in base 15?
-4a659
Convert -15502021 (base 6) to base 13.
-164662
Convert -12100110111222 (base 3) to base 15.
-3b27a2
What is -2122102001 (base 3) in base 13?
-1a905
432578 (base 10) to base 14
b3906
What is -103511223 (base 6) in base 13?
-50183a
Convert -49314 (base 11) to base 12.
-35061
What is 40107 (base 15) in base 13?
7137a
1453114 (base 7) to base 3
101001120021
What is 2e1b79 (base 15) in base 7?
24661362
-4c6cb (base 15) to base 2
-111011101100111101
12551841 (base 9) to base 4
113203221103
1660301 (base 9) to base 14
1a1321
Convert -339a0 (base 11) to base 6.
-1015215
What is -99588e (base 15) in base 11?
-4142242
What is -131bc (base 13) in base 7?
-205300
What is 840b5 (base 12) in base 7?
1320122
-71715 (base 12) to base 15
-2dc55
What is 223b (base 15) in base 5?
213011
What is -257aa9 (base 11) in base 9?
-677768
-554124 (base 8) to base 13
-66b36
Convert 3301023 (base 5) to base 16.
dc44
Convert 6b010 (base 12) to base 2.
100011000001001100
-1384453 (base 13) to base 14
-b6ba04
Convert -1151215512 (base 6) to base 12.
-4517598
Convert 11100020121102 (base 3) to base 16.
233690
What is 30a4165 (base 12) in base 10?
9172445
Convert 41547541 (base 8) to base 10